{"id":74,"date":"2024-03-28T23:17:59","date_gmt":"2024-03-28T23:17:59","guid":{"rendered":"https:\/\/fusiondesign.com.co\/?page_id=74"},"modified":"2026-03-05T09:14:37","modified_gmt":"2026-03-05T14:14:37","slug":"diseno-y-vida","status":"publish","type":"page","link":"https:\/\/fusiondesign.com.co\/","title":{"rendered":"FUSION DESIGN"},"content":{"rendered":"<p><div class=\"fusion-fullwidth fullwidth-box fusion-builder-row-1 fusion-flex-container video-background has-pattern-background has-mask-background hundred-percent-fullwidth non-hundred-percent-height-scrolling\" style=\"--awb-border-radius-top-left:10px;--awb-border-radius-top-right:10px;--awb-border-radius-bottom-right:10px;--awb-border-radius-bottom-left:10px;--awb-overflow:hidden;--awb-padding-right:0px;--awb-padding-left:0px;--awb-margin-top:10px;--awb-min-height:calc(100vh - 20px);--awb-background-color:var(--awb-color8);--awb-background-image:linear-gradient(110deg, hsla(var(--awb-color8-h),var(--awb-color8-s),var(--awb-color8-l),calc(var(--awb-color8-a) - 80%)) 0%,hsla(var(--awb-color1-h),var(--awb-color1-s),var(--awb-color1-l),calc(var(--awb-color1-a) - 100%)) 64%);--awb-flex-wrap:wrap;--awb-filter:saturate(125%) brightness(95%) contrast(125%);--awb-filter-transition:filter 0.3s ease;--awb-filter-hover:saturate(125%) brightness(95%) contrast(125%);\" ><div class=\"fullwidth-video\"><video preload=\"auto\" autoplay playsinline loop muted><source src=\"https:\/\/fusiondesign.com.co\/wp-content\/uploads\/2024\/04\/avada-agency-home-reel-1.mp4\" type=\"video\/mp4\"><\/video><\/div><div class=\"fullwidth-overlay\" style=\"background-image: linear-gradient(110deg, hsla(var(--awb-color8-h),var(--awb-color8-s),var(--awb-color8-l),calc(var(--awb-color8-a) - 80%)) 0%,hsla(var(--awb-color1-h),var(--awb-color1-s),var(--awb-color1-l),calc(var(--awb-color1-a) - 100%)) 64%);\"><\/div><div class=\"fusion-builder-row fusion-row fusion-flex-align-items-flex-start fusion-flex-content-wrap\" style=\"width:104% !important;max-width:104% !important;margin-left: calc(-4% \/ 2 );margin-right: calc(-4% \/ 2 );\"><div class=\"fusion-layout-column fusion_builder_column fusion-builder-column-0 fusion_builder_column_1_1 1_1 fusion-flex-column fusion-flex-align-self-stretch glassed\" style=\"--awb-padding-top:5%;--awb-padding-right:5%;--awb-padding-bottom:5%;--awb-padding-left:5%;--awb-bg-blend:overlay;--awb-bg-size:cover;--awb-width-large:100%;--awb-margin-top-large:0px;--awb-spacing-right-large:1.92%;--awb-margin-bottom-large:0px;--awb-spacing-left-large:1.92%;--awb-width-medium:100%;--awb-order-medium:0;--awb-spacing-right-medium:1.92%;--awb-spacing-left-medium:1.92%;--awb-width-small:100%;--awb-order-small:0;--awb-spacing-right-small:1.92%;--awb-spacing-left-small:1.92%;\"><div class=\"fusion-column-wrapper fusion-column-has-shadow fusion-flex-justify-content-space-between fusion-content-layout-column\"><div class=\"fusion-title title fusion-title-1 fusion-sep-none fusion-title-text fusion-title-size-one\" style=\"--awb-text-color:var(--awb-color1);--awb-margin-bottom:0px;--awb-font-size:var(--awb-typography1-font-size);\"><h1 class=\"fusion-title-heading title-heading-left fusion-responsive-typography-calculated\" style=\"font-family:var(--awb-typography1-font-family);font-weight:var(--awb-typography1-font-weight);font-style:var(--awb-typography1-font-style);margin:0;letter-spacing:var(--awb-typography1-letter-spacing);text-transform:var(--awb-typography1-text-transform);font-size:1em;--fontSize:150.5;line-height:0.82;\">Creamos. Dise\u00f1amos. Impulsamos marcas&#8230;<\/h1><\/div><div class=\"fusion-builder-row fusion-builder-row-inner fusion-row fusion-flex-align-items-flex-start fusion-flex-content-wrap\" style=\"width:104% !important;max-width:104% !important;margin-left: calc(-4% \/ 2 );margin-right: calc(-4% \/ 2 );\"><div class=\"fusion-layout-column fusion_builder_column_inner fusion-builder-nested-column-0 fusion-flex-column\" style=\"--awb-bg-size:cover;--awb-width-large:42%;--awb-margin-top-large:0px;--awb-spacing-right-large:4.5714285714286%;--awb-margin-bottom-large:48px;--awb-spacing-left-large:4.5714285714286%;--awb-width-medium:42%;--awb-order-medium:0;--awb-spacing-right-medium:4.5714285714286%;--awb-spacing-left-medium:4.5714285714286%;--awb-width-small:100%;--awb-order-small:0;--awb-spacing-right-small:1.92%;--awb-spacing-left-small:1.92%;\"><div class=\"fusion-column-wrapper fusion-column-has-shadow fusion-flex-justify-content-flex-start fusion-content-layout-column\"><div class=\"fusion-title title fusion-title-2 fusion-sep-none fusion-title-text fusion-title-size-two\" style=\"--awb-text-color:var(--awb-color1);--awb-margin-bottom:0px;--awb-font-size:48px;\"><h2 class=\"fusion-title-heading title-heading-left fusion-responsive-typography-calculated\" style=\"font-family:var(--awb-typography2-font-family);font-weight:var(--awb-typography2-font-weight);font-style:var(--awb-typography2-font-style);margin:0;letter-spacing:-0.01em;text-transform:var(--awb-typography2-text-transform);font-size:1em;--fontSize:48;line-height:1.06;\">Conectamos estrategia, identidad e impacto para transformar marcas en nuevas experiencias digitales y comerciales.<\/h2><\/div><\/div><\/div><div class=\"fusion-layout-column fusion_builder_column_inner fusion-builder-nested-column-1 fusion_builder_column_inner_1_1 1_1 fusion-flex-column\" style=\"--awb-bg-size:cover;--awb-width-large:100%;--awb-margin-top-large:0px;--awb-spacing-right-large:1.92%;--awb-margin-bottom-large:0px;--awb-spacing-left-large:1.92%;--awb-width-medium:100%;--awb-order-medium:0;--awb-spacing-right-medium:1.92%;--awb-spacing-left-medium:1.92%;--awb-width-small:100%;--awb-order-small:0;--awb-spacing-right-small:1.92%;--awb-spacing-left-small:1.92%;\"><div class=\"fusion-column-wrapper fusion-column-has-shadow fusion-flex-justify-content-flex-start fusion-content-layout-row fusion-flex-align-items-center\"><div ><a class=\"fusion-button button-flat fusion-button-default-size button-default fusion-button-default button-1 fusion-button-default-span fusion-button-default-type\" style=\"--button_text_transform:var(--awb-custom_typography_2-text-transform);--button_font_size:var(--awb-custom_typography_2-font-size);--button_line_height:var(--awb-custom_typography_2-line-height);--button_typography-letter-spacing:var(--awb-custom_typography_2-letter-spacing);--button_typography-font-family:var(--awb-custom_typography_2-font-family);--button_typography-font-weight:var(--awb-custom_typography_2-font-weight);--button_typography-font-style:var(--awb-custom_typography_2-font-style);\" target=\"lightbox\" rel=\"iLightbox\" data-hover=\"text_slide_up\" title=\"Play Reel\" aria-label=\"Play Reel\" href=\"https:\/\/vimeo.com\/929020944\"><i class=\"avada-portfolio-play awb-button__icon awb-button__icon--default button-icon-left\" aria-hidden=\"true\"><\/i><div class=\"awb-button-text-transition \"><span class=\"fusion-button-text awb-button__text awb-button__text--default\">Reel<\/span><span class=\"fusion-button-text awb-button__text awb-button__text--default\">Reel<\/span><\/div><\/a><\/div><div class=\"fusion-title title fusion-title-3 fusion-sep-none fusion-title-text fusion-title-size-div\" style=\"--awb-text-color:var(--awb-color1);--awb-margin-bottom:0px;--awb-margin-left:60px;--awb-font-size:var(--awb-custom_typography_2-font-size);\"><div class=\"fusion-title-heading title-heading-left title-heading-tag fusion-responsive-typography-calculated\" style=\"font-family:var(--awb-custom_typography_2-font-family);font-weight:var(--awb-custom_typography_2-font-weight);font-style:var(--awb-custom_typography_2-font-style);margin:0;letter-spacing:var(--awb-custom_typography_2-letter-spacing);text-transform:var(--awb-custom_typography_2-text-transform);font-size:1em;--fontSize:15;--minFontSize:15;line-height:1.38;\">[ Hablemos de tu marca ] [ Agenda una asesor\u00eda estrat\u00e9gica ]<\/div><\/div><\/div><\/div><\/div><\/div><\/div><\/div><\/div><\/p>\n","protected":false},"excerpt":{"rendered":"","protected":false},"author":1,"featured_media":1606,"parent":0,"menu_order":0,"comment_status":"closed","ping_status":"closed","template":"100-width.php","meta":{"_acf_changed":false,"_bbp_topic_count":0,"_bbp_reply_count":0,"_bbp_total_topic_count":0,"_bbp_total_reply_count":0,"_bbp_voice_count":0,"_bbp_anonymous_reply_count":0,"_bbp_topic_count_hidden":0,"_bbp_reply_count_hidden":0,"_bbp_forum_subforum_count":0,"content-type":"","footnotes":""},"class_list":["post-74","page","type-page","status-publish","has-post-thumbnail","hentry"],"acf":[],"yoast_head":"<!-- This site is optimized with the Yoast SEO plugin v27.1.1 - https:\/\/yoast.com\/product\/yoast-seo-wordpress\/ -->\n<title>FUSION DESIGN - FUSION DESIGN<\/title>\n<meta name=\"description\" content=\"En Fusion Design combinamos pensamiento estrat\u00e9gico, dise\u00f1o profesional y visi\u00f3n comercial para que cada marca tenga direcci\u00f3n, coherencia e impacto real en el mercado.\" \/>\n<meta name=\"robots\" content=\"index, follow, max-snippet:-1, max-image-preview:large, max-video-preview:-1\" \/>\n<link rel=\"canonical\" href=\"https:\/\/fusiondesign.com.co\/\" \/>\n<meta property=\"og:locale\" content=\"es_ES\" \/>\n<meta property=\"og:type\" content=\"article\" \/>\n<meta property=\"og:title\" content=\"FUSION DESIGN - FUSION DESIGN\" \/>\n<meta property=\"og:description\" content=\"En Fusion Design combinamos pensamiento estrat\u00e9gico, dise\u00f1o profesional y visi\u00f3n comercial para que cada marca tenga direcci\u00f3n, coherencia e impacto real en el mercado.\" \/>\n<meta property=\"og:url\" content=\"https:\/\/fusiondesign.com.co\/\" \/>\n<meta property=\"og:site_name\" content=\"FUSION DESIGN\" \/>\n<meta property=\"article:modified_time\" content=\"2026-03-05T14:14:37+00:00\" \/>\n<meta property=\"og:image\" content=\"https:\/\/fusiondesign.com.co\/wp-content\/uploads\/2026\/03\/Marca-Fusion-design_Mesa-de-trabajo-1.png\" \/>\n\t<meta property=\"og:image:width\" content=\"1134\" \/>\n\t<meta property=\"og:image:height\" content=\"1418\" \/>\n\t<meta property=\"og:image:type\" content=\"image\/png\" \/>\n<meta name=\"twitter:card\" content=\"summary_large_image\" \/>\n<meta name=\"twitter:label1\" content=\"Tiempo de lectura\" \/>\n\t<meta name=\"twitter:data1\" content=\"1 minuto\" \/>\n<script type=\"application\/ld+json\" class=\"yoast-schema-graph\">{\"@context\":\"https:\/\/schema.org\",\"@graph\":[{\"@type\":\"WebPage\",\"@id\":\"https:\/\/fusiondesign.com.co\/\",\"url\":\"https:\/\/fusiondesign.com.co\/\",\"name\":\"FUSION DESIGN - FUSION DESIGN\",\"isPartOf\":{\"@id\":\"https:\/\/fusiondesign.com.co\/#website\"},\"primaryImageOfPage\":{\"@id\":\"https:\/\/fusiondesign.com.co\/#primaryimage\"},\"image\":{\"@id\":\"https:\/\/fusiondesign.com.co\/#primaryimage\"},\"thumbnailUrl\":\"https:\/\/fusiondesign.com.co\/wp-content\/uploads\/2026\/03\/Marca-Fusion-design_Mesa-de-trabajo-1.png\",\"datePublished\":\"2024-03-28T23:17:59+00:00\",\"dateModified\":\"2026-03-05T14:14:37+00:00\",\"description\":\"En Fusion Design combinamos pensamiento estrat\u00e9gico, dise\u00f1o profesional y visi\u00f3n comercial para que cada marca tenga direcci\u00f3n, coherencia e impacto real en el mercado.\",\"breadcrumb\":{\"@id\":\"https:\/\/fusiondesign.com.co\/#breadcrumb\"},\"inLanguage\":\"es-CO\",\"potentialAction\":[{\"@type\":\"ReadAction\",\"target\":[\"https:\/\/fusiondesign.com.co\/\"]}]},{\"@type\":\"ImageObject\",\"inLanguage\":\"es-CO\",\"@id\":\"https:\/\/fusiondesign.com.co\/#primaryimage\",\"url\":\"https:\/\/fusiondesign.com.co\/wp-content\/uploads\/2026\/03\/Marca-Fusion-design_Mesa-de-trabajo-1.png\",\"contentUrl\":\"https:\/\/fusiondesign.com.co\/wp-content\/uploads\/2026\/03\/Marca-Fusion-design_Mesa-de-trabajo-1.png\",\"width\":1134,\"height\":1418},{\"@type\":\"BreadcrumbList\",\"@id\":\"https:\/\/fusiondesign.com.co\/#breadcrumb\",\"itemListElement\":[{\"@type\":\"ListItem\",\"position\":1,\"name\":\"Inicio\",\"item\":\"https:\/\/fusiondesign.com.co\/\"},{\"@type\":\"ListItem\",\"position\":2,\"name\":\"FUSION DESIGN\"}]},{\"@type\":\"WebSite\",\"@id\":\"https:\/\/fusiondesign.com.co\/#website\",\"url\":\"https:\/\/fusiondesign.com.co\/\",\"name\":\"FUSION DESIGN\",\"description\":\"Dise\u00f1o Publicitario y Soluciones Digitales\",\"potentialAction\":[{\"@type\":\"SearchAction\",\"target\":{\"@type\":\"EntryPoint\",\"urlTemplate\":\"https:\/\/fusiondesign.com.co\/?s={search_term_string}\"},\"query-input\":{\"@type\":\"PropertyValueSpecification\",\"valueRequired\":true,\"valueName\":\"search_term_string\"}}],\"inLanguage\":\"es-CO\"}]}<\/script>\n<!-- \/ Yoast SEO plugin. -->","yoast_head_json":{"title":"FUSION DESIGN - FUSION DESIGN","description":"En Fusion Design combinamos pensamiento estrat\u00e9gico, dise\u00f1o profesional y visi\u00f3n comercial para que cada marca tenga direcci\u00f3n, coherencia e impacto real en el mercado.","robots":{"index":"index","follow":"follow","max-snippet":"max-snippet:-1","max-image-preview":"max-image-preview:large","max-video-preview":"max-video-preview:-1"},"canonical":"https:\/\/fusiondesign.com.co\/","og_locale":"es_ES","og_type":"article","og_title":"FUSION DESIGN - FUSION DESIGN","og_description":"En Fusion Design combinamos pensamiento estrat\u00e9gico, dise\u00f1o profesional y visi\u00f3n comercial para que cada marca tenga direcci\u00f3n, coherencia e impacto real en el mercado.","og_url":"https:\/\/fusiondesign.com.co\/","og_site_name":"FUSION DESIGN","article_modified_time":"2026-03-05T14:14:37+00:00","og_image":[{"width":1134,"height":1418,"url":"https:\/\/fusiondesign.com.co\/wp-content\/uploads\/2026\/03\/Marca-Fusion-design_Mesa-de-trabajo-1.png","type":"image\/png"}],"twitter_card":"summary_large_image","twitter_misc":{"Tiempo de lectura":"1 minuto"},"schema":{"@context":"https:\/\/schema.org","@graph":[{"@type":"WebPage","@id":"https:\/\/fusiondesign.com.co\/","url":"https:\/\/fusiondesign.com.co\/","name":"FUSION DESIGN - FUSION DESIGN","isPartOf":{"@id":"https:\/\/fusiondesign.com.co\/#website"},"primaryImageOfPage":{"@id":"https:\/\/fusiondesign.com.co\/#primaryimage"},"image":{"@id":"https:\/\/fusiondesign.com.co\/#primaryimage"},"thumbnailUrl":"https:\/\/fusiondesign.com.co\/wp-content\/uploads\/2026\/03\/Marca-Fusion-design_Mesa-de-trabajo-1.png","datePublished":"2024-03-28T23:17:59+00:00","dateModified":"2026-03-05T14:14:37+00:00","description":"En Fusion Design combinamos pensamiento estrat\u00e9gico, dise\u00f1o profesional y visi\u00f3n comercial para que cada marca tenga direcci\u00f3n, coherencia e impacto real en el mercado.","breadcrumb":{"@id":"https:\/\/fusiondesign.com.co\/#breadcrumb"},"inLanguage":"es-CO","potentialAction":[{"@type":"ReadAction","target":["https:\/\/fusiondesign.com.co\/"]}]},{"@type":"ImageObject","inLanguage":"es-CO","@id":"https:\/\/fusiondesign.com.co\/#primaryimage","url":"https:\/\/fusiondesign.com.co\/wp-content\/uploads\/2026\/03\/Marca-Fusion-design_Mesa-de-trabajo-1.png","contentUrl":"https:\/\/fusiondesign.com.co\/wp-content\/uploads\/2026\/03\/Marca-Fusion-design_Mesa-de-trabajo-1.png","width":1134,"height":1418},{"@type":"BreadcrumbList","@id":"https:\/\/fusiondesign.com.co\/#breadcrumb","itemListElement":[{"@type":"ListItem","position":1,"name":"Inicio","item":"https:\/\/fusiondesign.com.co\/"},{"@type":"ListItem","position":2,"name":"FUSION DESIGN"}]},{"@type":"WebSite","@id":"https:\/\/fusiondesign.com.co\/#website","url":"https:\/\/fusiondesign.com.co\/","name":"FUSION DESIGN","description":"Dise\u00f1o Publicitario y Soluciones Digitales","potentialAction":[{"@type":"SearchAction","target":{"@type":"EntryPoint","urlTemplate":"https:\/\/fusiondesign.com.co\/?s={search_term_string}"},"query-input":{"@type":"PropertyValueSpecification","valueRequired":true,"valueName":"search_term_string"}}],"inLanguage":"es-CO"}]}},"jetpack_sharing_enabled":true,"_links":{"self":[{"href":"https:\/\/fusiondesign.com.co\/index.php\/wp-json\/wp\/v2\/pages\/74","targetHints":{"allow":["GET"]}}],"collection":[{"href":"https:\/\/fusiondesign.com.co\/index.php\/wp-json\/wp\/v2\/pages"}],"about":[{"href":"https:\/\/fusiondesign.com.co\/index.php\/wp-json\/wp\/v2\/types\/page"}],"author":[{"embeddable":true,"href":"https:\/\/fusiondesign.com.co\/index.php\/wp-json\/wp\/v2\/users\/1"}],"replies":[{"embeddable":true,"href":"https:\/\/fusiondesign.com.co\/index.php\/wp-json\/wp\/v2\/comments?post=74"}],"version-history":[{"count":19,"href":"https:\/\/fusiondesign.com.co\/index.php\/wp-json\/wp\/v2\/pages\/74\/revisions"}],"predecessor-version":[{"id":1605,"href":"https:\/\/fusiondesign.com.co\/index.php\/wp-json\/wp\/v2\/pages\/74\/revisions\/1605"}],"wp:featuredmedia":[{"embeddable":true,"href":"https:\/\/fusiondesign.com.co\/index.php\/wp-json\/wp\/v2\/media\/1606"}],"wp:attachment":[{"href":"https:\/\/fusiondesign.com.co\/index.php\/wp-json\/wp\/v2\/media?parent=74"}],"curies":[{"name":"wp","href":"https:\/\/api.w.org\/{rel}","templated":true}]}}